 -148 = -5*v + v. What is the greatest common divisor of 296 and v?
37
Let p be (-15)/(-6)*4/5. Suppose 0*o - 563 = 3*w - p*o, -3*w = 4*o + 575. Let m be ((-2)/3)/(14/w). What is the greatest common factor of 99 and m?
9
Let q = 26 - 16. Let g = q - 4. What is the highest common divisor of 15 and g?
3
Let m be 220/(-30)*36/(-2*1). What is the greatest common factor of m and 33?
33
Let t(s) = 2*s**2 - 6*s + 3. Let b(c) = -c**2 + 5*c + 8. Let u be b(6). Suppose 0 = u*l + 4 - 16. Let n be t(l). What is the highest common factor of 13 and n?
13
Suppose 8 = 2*k - k. Suppose 2*v - 6 - 4 = 5*j, -v - 2*j = -23. Let n = v - k. Calculate the greatest common factor of n and 35.
7
Suppose -c = 2*c + 3. Let a be (-8)/c*(-2)/(-4). What is the highest common divisor of a and 12?
4
Let n = -5 + -16. Let d = 29 + n. What is the highest common factor of d and 2?
2
Let m = -343 - -717. What is the highest common divisor of 34 and m?
34
Let h(v) = -v**3 - 6*v**2 - 6*v. Let i be (-6)/4*4/6. Let n be 1 + -8 + (-1)/i. Let c be h(n). What is the greatest common factor of c and 54?
18
Let j(v) = v**3 - 18*v**2 + 2*v - 4. Let o be j(18). What is the greatest common divisor of 224 and o?
32
Let c(p) = -2*p. Let z be (-4)/(-8) - 18/(-4). Suppose 3*b + z = -7. Let n be c(b). Calculate the greatest common divisor of n and 16.
8
Suppose -3*h + 8*h - 70 = 0. Suppose 0 = -2*b + h. What is the highest common factor of 28 and b?
7
Suppose 0 = -4*k - 709 + 2153. Suppose 0 = -5*o - 3*j + k + 289, -4*o = -5*j - 520. Suppose o = 3*a + 2*a. Calculate the highest common divisor of 65 and a.
13
Let p(v) = -v**3 - v**2 - v. Let n be p(0). Let q = 2 - n. What is the greatest common divisor of q and 5?
1
Let t be 2451/18 + 1/(-6). Let p(h) = -16*h + 1. Let u be p(-1). Calculate the highest common divisor of t and u.
17
Suppose 0 = 4*w - 3 - 5. Suppose w*l - 4*l + 10 = 0. Calculate the greatest common factor of l and 55.
5
Suppose -111 = 4*s - 335. Suppose -3*p + 419 = s. Calculate the greatest common divisor of p and 11.
11
Let t be (0 - -1)/(4/12). Suppose 0 = 3*k - b - 276, -b - t = -0*b. Let d = 12 + 1. Calculate the highest common factor of k and d.
13
Suppose -2 = 2*m + 2*m - 2*c, m + c + 8 = 0. Let g be (m - -1) + 10 + 1. Calculate the greatest common factor of 1 and g.
1
Suppose 0 = 4*y - k - 19, -10 = -y + 4*k - 2*k. Suppose 2*i + 22 = y*i. What is the highest common divisor of i and 11?
11
Let p = 19 - -12. Calculate the highest common factor of p and 155.
31
Suppose -4*m = -5*q + 659, q - 131 = 5*m - 16. What is the greatest common divisor of 15 and q?
15
Let b = 1 - -11. Let a be (144/(-14))/((-10)/105). Calculate the highest common divisor of b and a.
12
Let k(b) = -b**3 - 8*b**2 - 11*b. Let x be k(-9). Calculate the highest common divisor of 20 and x.
20
Let w be -20*(1 - (-5)/(-2)). Let p be -7 + 13 + (7 - 3). Calculate the highest common factor of w and p.
10
Suppose -2*n - 5*l = -78, 3*l - 176 = n - 6*n. Calculate the highest common divisor of 374 and n.
34
Let q be (0/(-2))/(4/(-4)). Suppose -53 = -3*j + 2*z + 12, -j - 5*z - 1 = q. Calculate the highest common factor of 38 and j.
19
Suppose 0 = -2*o - 2*o + 12. Suppose o*a + 22 - 6 = -4*j, 36 = -5*a - 2*j. Let h be (-148)/a + (-1)/(-2). Calculate the greatest common divisor of h and 95.
19
Let v be 112/12 - 1/3. What is the greatest common factor of v and 1?
1
Suppose -5*z + 25 = -7*j + 3*j, 0 = -j. Suppose 29 = z*w - 1. Calculate the highest common factor of 6 and w.
6
Suppose -g + 14 = 2*v, 5*g - 72 = 5*v + 28. Suppose -5*j + 10 = 0, -5*d - 3*j + 752 = -7*j. Let m = d + -8. What is the highest common divisor of m and g?
18
Let k = 347 - 203. Suppose 5*b = 4*f - 36, -3*b = f + b + 12. Suppose -3*q + f*p = -40, 3*p - 3 - 3 = 0. What is the highest common factor of k and q?
16
Suppose 5*p = 2916 - 136. Suppose -3*g + q = -332, 0*g - 3*q = -5*g + p. Calculate the highest common factor of g and 22.
22
Let v(x) = x**3 - 8*x**2 + 8*x - 7. Let n be v(7). Suppose 0 = -a - n*a + 3. Let l = 8 - -1. What is the highest common factor of l and a?
3
Let b(m) = 2*m**2 + m - 3. Let y be b(3). Let j(r) = 25*r**3 - 2*r**2 + 3*r. Let x be j(2). What is the greatest common divisor of x and y?
18
Suppose 2*j - 10 = -o - 60, -4*j - o - 104 = 0. Let u = -72 - -164. Let y = j + u. Calculate the greatest common factor of y and 26.
13
Let j(t) = -t**3 - 2*t**2 + 3*t + 2. Let d be j(-3). Let n = 0 + d. Suppose n*h = 19 - 3. What is the greatest common factor of h and 64?
8
Let z be (1 + (-2)/(-4))*38. What is the highest common factor of 19 and z?
19
Let y = 0 - -5. Suppose -40 = -y*f - q, 3*f + q = -4*q + 2. What is the greatest common factor of 27 and f?
9
Suppose 4*m = -5*k + 44, 5*k - 11 + 3 = 2*m. Suppose 46 = 2*f - 86. Calculate the greatest common factor of f and m.
6
Let a(x) = -x**3 + 2. Let q be a(-2). Let w = 2 - -8. What is the greatest common factor of w and q?
10
Let p be 14/(-49) - (-52)/(-14). Let f be (-13)/(-2) - 2/p. What is the greatest common factor of f and 21?
7
Suppose p = -p - u + 22, 0 = -2*p + 4*u + 12. Let x = 9 + 22. Let g = 111 - x. What is the greatest common divisor of g and p?
10
Suppose 2*l = 6*l + 44. Let t(w) = -w + 3. Let u be t(l). Calculate the highest common divisor of 7 and u.
7
Suppose -4*v + v = 3*u - 33, -v = -3*u + 41. What is the highest common factor of u and 104?
13
Let p be (-25)/(-5)*(-45)/(-25). Calculate the greatest common factor of 207 and p.
9
Let x be (-4371)/(-45) + -1 - 6/45. Calculate the greatest common divisor of x and 32.
32
Let o be -35*(-3 - 26/(-10)). Suppose -1026 = 3*k - 6*k. Suppose 4*c - k = -5*a, 2*a = 4*c + 184 - 36. What is the greatest common divisor of a and o?
14
Suppose -6*c = -5*q - 4*c + 154, 15 = 5*c. Calculate the highest common factor of 4 and q.
4
Let b(i) = i**3 + 3*i**2 - 6*i - 4. Let g be b(-4). Suppose -g*c + 66 = -126. Calculate the highest common factor of c and 6.
6
Let u(h) = -13*h + 1. Let c(x) = x. Let p(o) = c(o) + u(o). Let w be p(-1). Calculate the highest common factor of w and 13.
13
Suppose 4*i + 4*l - 70 = 2*i, -i = -l - 20. Suppose -5*j + 6*r - r = -i, -4*j - 4*r = 4. What is the greatest common factor of j and 14?
2
Let j = -122 + 130. What is the greatest common divisor of 20 and j?
4
Suppose 7*m - 128 = 3*m. Let n = -16 + m. What is the greatest common factor of 40 and n?
8
Let s = 0 - -2. Suppose 52 - 1609 = -5*n - s*f, 3*f - 3 = 0. Suppose -4*l - n = -5*r + 149, 15 = 3*l. What is the greatest common divisor of r and 12?
12
Let x be (1 - 0) + -1 + 3. Let d be (-40)/140 - (1 + (-312)/14). Calculate the highest common factor of d and x.
3
Let z(h) be the first derivative of 0*h**2 - 4 + h - 67/4*h**4 + 0*h**3. Let s be z(-1). What is the highest common divisor of 17 and s?
17
Suppose -89 = -2*h + 55. Let w = h + -33. Calculate the highest common divisor of w and 13.
13
Let y be 800/(-3) - (-1)/(-3). Let r = -176 - y. What is the highest common divisor of 13 and r?
13
Let a(x) = 2*x - 3. Let j be a(4). Let p = j - -5. What is the highest common divisor of p and 15?
5
Suppose p - 30 = 6*p. Let i be ((-63)/p)/(6/40). Suppose -6 = n + 4*r, 2*r + 41 = 4*n + 5*r. What is the highest common factor of i and n?
14
Suppose -5*w + w = -3*x - 298, w - 65 = -4*x. Let q = -72 + 39. Let l = q + w. Calculate the highest common divisor of 8 and l.
8
Let l be (1/2)/(3/(-72)). Let u be (l/14)/((-4)/28). Calculate the greatest common factor of 15 and u.
3
Let f = 51 - -19. Suppose 2 = 5*o - 18. Suppose j - f = -o*j. Calculate the highest common factor of j and 42.
14
Suppose -4*u + u + 124 = -4*p, -p + 2 = 0. Suppose 0 = g - 2 - 2. Suppose 0 = -l, g*z - 3*z - l = 11. What is the highest common factor of z and u?
11
Let p(r) = 3*r - 1. Let n be p(5). Let m be (6/4)/((-2)/(-4)). Let l = 10 - m. Calculate the highest common factor of n and l.
7
Let h = 62 - 47. What is the greatest common factor of h and 30?
15
Let b(j) = -j**2 - 5*j + 4. Let o be b(-6). Suppose 2*x - 3*x - 4 = 0. Let c = o - x. What is the greatest common divisor of c and 5?
1
Suppose -66 = -d + 60. Let s(z) = -2*z + 2*z**2 + z + 2*z**2. Let i be s(2). What is the highest common divisor of d and i?
14
Let s(k) = -k + 1. Let h(i) = -6*i + 212. Let j(u) = h(u) - 5*s(u). Let l be j(0). What is the h